 179, 461, 743
List the prime factors of 440685544.
2, 13, 19, 223019
What are the prime factors of 2701150?
2, 5, 89, 607
List the prime factors of 1772597475.
3, 5, 11, 59, 61, 199
What are the prime factors of 30748663?
11, 677, 4129
What are the prime factors of 120838333?
7, 11, 1569329
What are the prime factors of 371861146?
2, 185930573
What are the prime factors of 886714724?
2, 7, 19, 1666757
List the prime factors of 1050123988.
2, 29, 149, 60757
What are the prime factors of 10326723?
3, 11, 312931
What are the prime factors of 192135989?
17, 313, 36109
What are the prime factors of 136813355?
5, 7, 103, 37951
What are the prime factors of 722133438?
2, 3, 13, 23, 402527
What are the prime factors of 25243661?
317, 79633
What are the prime factors of 1113748608?
2, 3, 7, 17, 24373
What are the prime factors of 3043781240?
2, 5, 7901, 9631
List the prime factors of 298570549.
71, 4205219
List the prime factors of 24174153.
3, 17, 52667
What are the prime factors of 7876809492?
2, 3, 229, 419, 6841
List the prime factors of 56665496.
2, 7083187
What are the prime factors of 108695754?
2, 3, 6038653
What are the prime factors of 3805149901?
7, 31, 643, 27271
List the prime factors of 4433534061.
3, 11, 11549, 11633
What are the prime factors of 465627141?
3, 7, 7390907
List the prime factors of 50599354.
2, 13, 47, 881
What are the prime factors of 1836756738?
2, 3, 17, 37, 162229
What are the prime factors of 194976625?
5, 397, 3929
What are the prime factors of 9754106?
2, 19, 256687
What are the prime factors of 79491192?
2, 3, 11, 31, 883
List the prime factors of 363032981.
19, 19106999
What are the prime factors of 919306457?
31, 29655047
List the prime factors of 125799353.
727, 173039
What are the prime factors of 576871824?
2, 3, 12018163
List the prime factors of 238712216.
2, 23, 1297349
List the prime factors of 987649447.
987649447
List the prime factors of 97840986.
2, 3, 3089, 5279
What are the prime factors of 146713461?
3, 47, 1040521
List the prime factors of 289712052.
2, 3, 7, 127739
What are the prime factors of 135801994?
2, 67900997
What are the prime factors of 327930988?
2, 7, 11, 103, 10337
What are the prime factors of 364520232?
2, 3, 227, 22303
List the prime factors of 1525999932.
2, 3, 14129629
List the prime factors of 2383290264.
2, 3, 99303761
List the prime factors of 3039522640.
2, 5, 7, 11, 61, 8089
List the prime factors of 543689254.
2, 73, 1321, 2819
List the prime factors of 1294768134.
2, 3, 11, 31, 210943
What are the prime factors of 113396341?
17, 6670373
What are the prime factors of 425989642?
2, 13, 29, 564973
What are the prime factors of 24254613?
3, 898319
What are the prime factors of 377573510?
2, 5, 19, 41, 2551
What are the prime factors of 61062124?
2, 19, 803449
What are the prime factors of 41098855?
5, 7, 859, 1367
List the prime factors of 78744377.
78744377
List the prime factors of 244186865.
5, 13, 37, 101533
What are the prime factors of 3886297602?
2, 3, 11, 43, 124489
List the prime factors of 1161568875.
3, 5, 71, 43627
List the prime factors of 103813618.
2, 3257, 15937
What are the prime factors of 40817189?
7, 229, 25463
List the prime factors of 254720077.
254720077
List the prime factors of 3217322150.
2, 5, 7, 337, 27277
What are the prime factors of 28040293?
17, 1649429
List the prime factors of 90360022.
2, 661, 68351
What are the prime factors of 232110064?
2, 47, 257, 1201
What are the prime factors of 73538494?
2, 173, 257, 827
What are the prime factors of 297406960?
2, 5, 113, 167, 197
List the prime factors of 117503667.
3, 137, 157, 607
What are the prime factors of 12667215?
3, 5, 11, 76771
What are the prime factors of 103195301?
11, 9381391
What are the prime factors of 2263826089?
7, 323403727
What are the prime factors of 545526096?
2, 3, 31, 197, 1861
List the prime factors of 393232097.
393232097
What are the prime factors of 892079589?
3, 269, 1105427
What are the prime factors of 2025874322?
2, 197, 5141813
What are the prime factors of 438934776?
2, 3, 7, 2612707
What are the prime factors of 130996232?
2, 43, 380803
What are the prime factors of 42339637?
1613, 26249
What are the prime factors of 333549195?
3, 5, 7, 83, 38273
What are the prime factors of 805415964?
2, 3, 107, 627271
What are the prime factors of 1009692227?
31, 32570717
List the prime factors of 4951663774.
2, 101, 373, 65719
What are the prime factors of 3145174033?
29, 233, 465469
List the prime factors of 252947170.
2, 5, 7, 37, 127, 769
List the prime factors of 114069767.
7, 3407, 4783
List the prime factors of 14655918.
2, 3, 73, 33461
What are the prime factors of 174659776?
2, 2729059
List the prime factors of 32465841.
3, 10821947
List the prime factors of 3445467728.
2, 29, 47, 157991
List the prime factors of 248394168.
2, 3, 11, 104543
What are the prime factors of 75148210?
2, 5, 7514821
List the prime factors of 125286995.
5, 37, 677227
List the prime factors of 101068747.
13, 7774519
List the prime factors of 277958970.
2, 3, 5, 1583, 1951
What are the prime factors of 32368516?
2, 41, 197369
What are the prime factors of 180318171?
3, 11, 5464187
List the prime factors of 100290704.
2, 31, 241, 839
List the prime factors of 345816943.
919, 376297
List the prime factors of 21089153.
421, 50093
List the prime factors of 233805599.
97, 2410367
What are the prime factors of 3137841454?
2, 11, 1163, 11149
What are the prime factors of 23852504?
2, 13, 229351
What are the prime factors of 509604732?
2, 3, 7, 13, 155557
List the prime factors of 136371715.
5, 23, 59, 101, 199
What are the prime factors of 124073414?
2, 67, 925921
What are the prime factors of 284252395?
5, 7, 137, 59281
List the prime factors of 3991596195.
3, 5, 266106413
What are the prime factors of 1190353390?
2, 5, 61, 1117, 1747
What are the prime factors of 7213258120?
2, 5, 109, 389, 4253
What are the prime factors of 212030190?
2, 3, 5, 577, 1361
What are the prime factors of 3960997600?
2, 5, 7, 707321
List the prime factors of 17600885.
5, 863, 4079
What are the prime factors of 3703336241?
11, 336666931
What are the prime factors of 8716007?
8716007
List the prime factors of 22692825.
3, 5, 33619
What are the prime factors of 228633676?
2, 5851, 9769
What are the prime factors of 20444496?
2, 3, 97, 4391
What are the prime factors of 157176543?
3, 17, 1321, 2333
List the prime factors of 202778771.
13, 17, 773, 1187
List the prime factors of 66584282.
2, 89, 374069
List the prime factors of 1480223019.
3, 11, 44855243
List the prime factors of 84112263.
3, 346141
What are the prime factors of 37642468?
2, 37, 167, 1523
List the prime factors of 79346044.
2, 23, 127, 6791
What are the prime factors of 1317265440?
2, 3, 5, 19, 43, 3359
List the prime factors of 84667167.
3, 13, 109, 2213
What are the prime factors of 1080101784?
2, 3, 45004241
What are the prime factors of 30631511?
29, 127, 8317
What are the prime factors of 31623609?
3, 10541203
List the prime factors of 958585253.
958585253
List the prime factors of 261501458.
2, 179, 730451
What are the prime factors of 66379578?
2, 3, 19, 181, 3217
List the prime factors of 1903869794.
2, 829, 1148293
List the prime factors of 227762692.
2, 56940673
List the prime factors of 2081104425.
3, 5, 9249353
List the prime factors of 85658476.
2, 21414619
What are the prime factors of 1786053814?
2, 5987, 149161
What are the prime factors of 4066181405?
5, 11, 13, 39769
What are the prime factors of 1171846756?
2, 311, 941999
What are the prime factors of 227761624?
2, 47, 257, 2357
What are the prime factors of 50090497?
50090497
List the prime factors of 122317026.
2, 3, 13, 43, 36469
List the prime factors of 800862889.
71, 127, 88817
List the prime factors of 5770194165.
3, 5, 4749131
List the prime factors of 216362850.
2, 3, 5, 11, 131129
What are the prime factors of 2787365445?
3, 5, 185824363
What are the prime factors of 4781446?
2, 2390723
What are the prime factors of 1540292002?
2, 770146001
List the prime factors of 4846948437.
3, 29, 113, 493027
List the prime factors of 105893678.
2, 11, 4813349
What are the prime factors of 823511849?
23, 37, 967699
What are the prime factors of 5003550753?
3, 31, 53801621
What are the p